12*p**2 + 19*p + 11. Calculate m(u).
115
Let j(o) = -o**3 + 4*o**2 + 2*o - 3. Let l = 34 + -52. Let x = -13 - l. Suppose x*z - 3 = 12. Give j(z).
12
Let s(b) be the third derivative of -b**4/8 - 47*b**3/6 + 760*b**2. Calculate s(-19).
10
Let k(v) = -v + 1. Let p(z) be the third derivative of -7*z**4/24 + z**3/3 + 57*z**2. Let i(f) = 5*k(f) - p(f). Let a(y) = y + 3. Let w be a(-8). Give i(w).
-7
Let y(j) = 3*j + 89. Suppose 77*b - 680 = -2913. Calculate y(b).
2
Let k = 64 + -50. Suppose k*t = 7*t - 7. Let d(h) = -51*h. Give d(t).
51
Let b(c) = c**3 + 8*c**2 - 6*c. Suppose -f - 4 = 4*x, 74*f = 5*x + 77*f + 12. Suppose x = -3*o - l - 29, 15*o + 2*l = 12*o - 34. Give b(o).
48
Let m(t) = t**3 - 5*t**2 - 7*t + 6. Suppose -2*a = 4*v - 1296 - 1278, 633 = v - 3*a. Let u = -636 + v. Calculate m(u).
0
Let g = 226 - 202. Let o be (-15)/(-6)*g/12. Let y(k) = -k**3 + 6*k**2 - 7*k + 2. Give y(o).
-8
Let c(b) = -3*b**3 + 10*b**2 - b + 7. Let v(k) = -5*k**2 + 1183*k**3 + 6*k**2 - k - 1184*k**3 + 1. Let q(x) = c(x) - 4*v(x). What is q(-4)?
23
Let c(x) = -52*x - 2. Let u(z) = 8*z - 1. Let k(q) = c(q) + 5*u(q). What is k(-5)?
53
Let t(g) = -23*g**3 + 39*g**2 - 31*g + 183. Let p(m) = -5*m**3 + 10*m**2 - 8*m + 45. Let v(q) = -9*p(q) + 2*t(q). What is v(-13)?
0
Let y(t) = 4*t**2 - 3*t - 7. Let u(r) = -r**2 - r + 2. Let p(z) = 3*u(z) + y(z). Determine p(8).
15
Let y(i) = -i**2 - 106*i + 3. Let q(g) = g**2 + 125*g - 5. Let v(a) = 5*q(a) + 6*y(a). Suppose 5*p - 5*f = -40, -5*f - 2 = -p + 2. What is v(p)?
-7
Let s(v) = 5*v**3 + 10*v**2 - 2*v - 10. Let d(u) = 25*u - 1452. Let m be d(58). Give s(m).
-6
Let c(h) = h**2 - 9*h. Let g = 5 + 0. Suppose -f + 26 = -3*n, -g*f - n + 2*n = -172. Suppose -5*z = -f + 5. Determine c(z).
-18
Let d(l) = 6*l**3 + 106*l**2 - 37*l - 28. Let j be d(-18). Let i(v) = -14*v - 143. Give i(j).
-3
Let l(r) = 23*r + 1. Let g(f) = 37*f + 2. Suppose -396*u - 30 = -390*u. Let x(n) = u*g(n) + 8*l(n). Determine x(-3).
1
Let m(i) be the second derivative of -i**5/20 + i**4/6 - i**2 + 1145*i. What is m(3)?
-11
Let u(n) be the first derivative of -3*n**2 + 18*n - 1473. Give u(4).
-6
Suppose 36*d - 335 + 443 = 0. Let g(i) = -2*i**2 - 3*i - 7. Determine g(d).
-16
Let i(a) = -a**3 + a**2 + a - 2. Let j(y) = -5*y + 54. Let x be j(10). Let o(b) = -5*b**2 + 18*b + 8. Let w be o(x). Determine i(w).
-2
Let s(q) = q**2 - 11*q + 53893 - 8*q - 53906. Determine s(19).
-13
Let o(w) = 5*w. Let s be (1 + 2 - (-2 + 2)) + -3. Let i(h) = -5*h + s*h + 1 + 4*h. Let u(r) = 4*i(r) + o(r). Determine u(-5).
-1
Let j(u) = -15*u**2 + 16*u - 8. Suppose 8*y + 794 = 810. Let b(p) = -8*p**2 + 6*p - 3. Let q(s) = y*j(s) - 5*b(s). Give q(1).
11
Let o(q) = 2*q - 10. Let a(b) = -2*b + 11. Suppose 74*c - 71*c = -39. Let v = -9 - c. Let z(n) = v*o(n) + 3*a(n). Determine z(5).
3
Let v = 5607 + -5600. Let f(y) = -2*y + 11. What is f(v)?
-3
Let p = -31 - -33. Let i(h) = -39*h**2 + h + 14*h**2 + 13*h**p + 11*h**2 + 4. Let v be (-38)/14 + -2 + (-48)/(-28). What is i(v)?
-8
Let x(w) = w**3 - 50*w**2 + 6. Let j(m) = -8*m**2 - 1. Let g(h) = 5*j(h) - x(h). Give g(8).
117
Let p(y) = -y**2 - 33*y + 24. Let a(o) = -5*o**2 - 138*o + 92. Let i(r) = -2*a(r) + 9*p(r). Calculate i(22).
54
Let u(h) = -2*h**2 + 28*h - 51. Let o be u(12). Let q(d) = -d**3 + d**2 - d + 1. Let c(x) = -2*x**3 + 8*x**2 + 4. Let k(b) = o*q(b) + c(b). Give k(-3).
10
Let m = -351 - -314. Suppose -42 = 3*f + 2*b + 93, 0 = 2*f - 4*b + 90. Let g = f - m. Let i(c) = -2*c - 3. Determine i(g).
13
Let r(t) = t + 1. Let b = 17 - 18. Let q(h) = 7*h + 12. Let z(s) = b*q(s) + 6*r(s). Suppose k - 9 = a, -2*k + 6 + 0 = 0. Give z(a).
0
Let u(t) be the first derivative of t**2/2 - 17*t - 1506. Determine u(-9).
-26
Let r(f) = -6*f + 9. Let n = 237 + -465. Let v = n - -231. Give r(v).
-9
Let g(q) = 41*q**3 - 23*q**2 + 131*q - 29. Let y(a) = -8*a**3 - a**2 - 3*a + 1. Let i(k) = g(k) + 5*y(k). Give i(23).
-1
Let v(s) = -123*s**2 - 15*s + 14. Let l(p) = 56*p**2 + 8*p - 7. Let t(h) = 11*l(h) + 5*v(h). Calculate t(-12).
-19
Let t = 10 + -3. Let p(a) = 2*a**2 - 2*a + 4. Let s = 162 - 165. Let h(k) = 4*k**2 - 5*k + 9. Let z(f) = s*h(f) + t*p(f). Calculate z(2).
11
Let w be ((-4)/(-10))/((-48)/(-40))*3. Let h(u) = w - 2*u**3 + 4*u**2 + 25*u - 2 + 0 - 48*u + 24*u. What is h(3)?
-16
Let g(k) = 14*k + 4. Let r(v) = -2*v - 2. Let l(h) = -g(h) - 5*r(h). Let p(t) = 18*t - 28. Let c(s) = 14*l(s) + 3*p(s). What is c(-1)?
2
Let n(g) = g**2 + 17*g + 13. Let o be n(-16). Let v(l) = 4*l**3 + 1 - 4*l**3 + 4*l**2 + l**3 + 3*l - 2*l**2. Give v(o).
-17
Let d be -1 - (8/(-28) + 19/(-7)). Let n(k) = 36*k**2 + k - 35*k**d + 2*k + 3*k - 18. Give n(-8).
-2
Let h(s) = 7*s**3 - 17*s**2 - 26*s + 4. Let x(o) = 3*o**3 - 10*o - 4*o + 2 - 5*o**3 - 9*o**2 + 6*o**3. Let q(r) = -3*h(r) + 5*x(r). Give q(7).
5
Let j = -11 + 7. Let t(s) be the third derivative of -5/6*s**3 - 1/24*s**4 + 0*s + 0 + 35*s**2. Give t(j).
-1
Suppose -196*f + 109*f - 172 = -130*f. Let l(c) be the second derivative of -c**3/6 + 11*c**2/2 - c. Calculate l(f).
7
Let d(o) be the second derivative of -1/12*o**4 - 15/2*o**2 + 20*o + 1/120*o**6 + 1/12*o**5 - o**3 + 0. Let t(c) be the first derivative of d(c). Give t(-5).
4
Let t(b) = 6*b**2 - 3*b - 5*b + 0*b + b**3 + 5*b. Let x be t(-6). Suppose -x + 14 = 4*m. Let l(g) = 5*g. Calculate l(m).
-5
Suppose -x = -2, 3*k - 22 = 2*x + 2*x. Suppose -9*t + 6*t + 11 = 4*c, 0 = -5*c - 3*t + k. Let y(u) = -13*u**2 - u. What is y(c)?
-12
Let z(c) = -6*c + 2. Let j be z(5). Let m = 32 + j. Let r(o) = -6 + 6*o - 11*o - m*o**2 + 3*o**2. Calculate r(-4).
-2
Let u(b) = -b**3 - 22*b**2 + 33*b + 237. Let k be u(-23). Let g(p) = -3 + 2 + p + 0 + 0. Give g(k).
6
Let z(c) = -5*c**2 - 19*c - 4*c + 6*c**2 + 2 + 2*c. Let s be z(21). Suppose -2*b = -s*x - b + 7, -5*x - 4*b + 50 = 0. Let o(f) = -2*f + 5. Give o(x).
-7
Let r(q) = -3*q - 3. Let y be -6*(5/(-14) + 8/(-56)). Let d(o) = -o**2 + 5*o + 6. Let b be d(y). Suppose -2*s + 6*s + b = -4*j, s + 1 = -3*j. What is r(s)?
9
Let t = -1 + 6. Let p be (5 - -1)*1/(-3). Let g = p - t. Let c(q) = -q**3 - 7*q**2 + q + 7. Give c(g).
0
Suppose 0*v + s - 31 = -4*v, 34 = 4*v - 2*s. Let c be (-2 + v/5)/((-13)/260). Let j(b) = b**3 - 9*b**2 + 5*b - 9. Calculate j(c).
-33
Let u(p) = -p**3 - 4*p**2 + 2*p + 10. Let k be u(-5). Suppose -9 = -8*m - k. Let r(y) = 4*y. What is r(m)?
-8
Let b be (-4)/((-10)/(-6) - 1). Let d(m) be the third derivative of 1/120*m**6 + 1/12*m**5 - 5/24*m**4 + 1/6*m**3 - 17*m + 0 - 3*m**2. What is d(b)?
-5
Let b(l) = -l**2 - 14*l + 51. Suppose -156 - 220 + 2 = 22*t. What is b(t)?
0
Let v(j) = -12*j + 2. Let t = -6 + 1. Let x(a) = 18*a - 3. Suppose 11*q + 8*q - 2 + 154 = 0. Let c(u) = q*v(u) + t*x(u). Calculate c(1).
5
Let j(l) = l**2 + 20. Let o be (24/(-72))/((-4)/168) + -10. Calculate j(o).
36
Let u(i) = -97819*i**3 - 54*i + 48911*i**3 + 101 + 48910*i**3 - 48*i**2. What is u(25)?
1
Suppose 0 = 5*x + 25, -2*x + 5 - 21 = -2*y. Let s(c) = 108*c**3 + c + 2*c + 2 - 107*c**y + 3*c**2. Determine s(-3).
-7
Let q(w) = 144 + 3*w - 4*w + 138 - 298. Determine q(9).
-25
Let a = -114 + 116. Suppose 0 = 4*g + 3*g + a*g. Let s(l) = -1. Let i(n) = n**2 - n + 2. Let k(o) = -i(o) + 6*s(o). Determine k(g).
-8
Let n(s) = -s**2 + 4*s. Suppose -d + 14 = 4*j, 134*j - 131*j = -d + 9. Give n(j).
-5
Let w(m) = 2*m**3 + 3*m**3 - 5 + m**2 - 2*m**2 + 539*m - 270*m - 276*m. Calculate w(-1).
-4
Let l(d) be the first derivative of d**2 + 56*d - 3090. Calculate l(-19).
18
Suppose -2*g = 3*q + 9 - 4, 0 = 3*q + 9. Let j(w) = 5 + 8*w + w - 3*w**g - 10*w - 6*w + 4*w**2. Calculate j(9).
23
Let c be (-9)/(-2) + -2 - 3/(-6). Let s(q) = q + 15. Let k be s(-13). Let y(m) = -c + 8*m + 1 + 5 + m**k + 0*m. Determine y(-8).
3
Suppose -5*m - 26 = 4*d, -m - 2*d - 44 = -40. Let h(v) = -v**3 - 2*v**2 + 24*v + 8. Give h(m).
8
Let w(l) be the second derivative of l**4/8 - l**3/6 - l**2 + 24*l. Let b(o) be the first derivative of w(o). Suppose 7*i - 5*i = -2. What is b(i)?
-4
Let r(x) be the third derivative of -x**5/120 - x**4/24 + 12*x**3 - 35*x**2 + 2. Let a(t) be the first derivative of r(t). What is a(2)?
-3
Let t(g) = -39*g + 358. Suppose -93*c - 21 + 750 = -12*c. What is t(c)?
7
Let m(d) = 3*d**2 - 4 + 36 - 15*d + 1 + 38*d. Let u(r) = -2*r**2 - 11*r - 18. Let z(x) = -3*m(x) - 5*u(